alse
Is 16567625 a multiple of 496?
False
Does 1367 divide 451917897?
True
Does 48 divide 18365568?
True
Is 3047 a factor of 71611542?
False
Is 64620820 a multiple of 220?
True
Is 403 a factor of 3483162768?
False
Is 278 a factor of 6436281425?
False
Is 13589842 a multiple of 434?
True
Is 21 a factor of 65061908?
False
Does 9 divide 66010217?
False
Does 95 divide 111807875?
True
Is 660562166 a multiple of 187?
True
Is 11 a factor of 12294447?
True
Does 589 divide 59100715?
False
Is 9 a factor of 4547421?
True
Is 291878123 a multiple of 182?
False
Is 3112602218 a multiple of 571?
False
Is 60 a factor of 24242704?
False
Does 1219 divide 9828797?
True
Is 21 a factor of 953839761?
True
Is 532 a factor of 15206156?
True
Is 32453701 a multiple of 8?
False
Is 1513271499 a multiple of 397?
True
Does 886 divide 1056098710?
True
Is 50220011 a multiple of 62?
False
Does 253 divide 387343?
True
Is 84 a factor of 199165260?
True
Is 330 a factor of 1794563230?
False
Does 6 divide 1666341814?
False
Is 5021 a factor of 1007986863?
False
Is 16 a factor of 760283936?
True
Does 395 divide 740951724?
False
Does 1885 divide 192179520?
True
Does 461 divide 14038002?
False
Does 1066 divide 452734648?
False
Is 861556 even?
True
Is 16248470 a multiple of 970?
True
Is 1227789756 a multiple of 36?
True
Is 5 a factor of 199420980?
True
Does 12879 divide 1714555512?
True
Is 125582288 a multiple of 16?
True
Does 2216 divide 1036551728?
True
Is 98 a factor of 65989506?
False
Does 29 divide 952921695?
False
Does 6 divide 2690820?
True
Is 9981052 a multiple of 52?
False
Is 15595636 a multiple of 28?
True
Is 913179503 a multiple of 16?
False
Is 9429836 a multiple of 508?
False
Is 631427841 a multiple of 371?
False
Does 122 divide 483661558?
True
Does 178 divide 9538211?
False
Is 142197755 a multiple of 6295?
True
Is 147 a factor of 955549833?
True
Is 863 a factor of 65341182?
True
Does 36 divide 13895712?
True
Does 5 divide 235045?
True
Does 20 divide 2072177220?
True
Is 218276177 a multiple of 1399?
True
Does 164 divide 161415892?
False
Is 8 a factor of 397406624?
True
Does 154 divide 2246552?
True
Is 154 a factor of 1584062813?
False
Does 136 divide 135381880?
True
Is 25 a factor of 94366929?
False
Does 246 divide 71519428?
False
Does 12 divide 5869745?
False
Is 1115185023 a multiple of 1693?
False
Is 127 a factor of 4936175?
False
Is 60 a factor of 2383934?
False
Is 12251427 a multiple of 29?
True
Is 53 a factor of 17029599?
False
Is 69754448 a multiple of 1882?
True
Is 50 a factor of 266051955?
False
Does 10 divide 18467160?
True
Is 55647812 a multiple of 5?
False
Is 12 a factor of 834348824?
False
Does 47 divide 577466595?
False
Is 274 a factor of 11523836?
False
Is 8046849 a multiple of 41?
False
Is 72735936 even?
True
Does 15 divide 166378725?
True
Is 1020452532 a multiple of 6897?
True
Does 252 divide 5165820?
False
Is 137 a factor of 30507434?
True
Does 3 divide 11377458?
True
Is 2032 a factor of 398520554?
False
Is 725911025 a multiple of 1918?
False
Does 149 divide 16583849?
True
Is 8602 a factor of 1568703730?
True
Does 78 divide 6887454?
False
Is 52325235 a multiple of 371?
False
Does 384 divide 397716096?
True
Is 5622277641 a multiple of 62?
False
Is 75478434 a multiple of 247?
False
Is 56823656 a multiple of 17?
True
Does 67 divide 78139889?
True
Is 43511538 a multiple of 651?
True
Is 759680946 a multiple of 252?
False
Does 6 divide 22743912?
True
Is 330 a factor of 727206916?
False
Is 23 a factor of 58781087?
False
Is 894124180 a multiple of 17?
True
Is 27 a factor of 3758265701?
False
Is 11808654 a multiple of 2215?
False
Is 187 a factor of 3807908102?
False
Is 7070184 a multiple of 79?
True
Is 730 a factor of 52792293?
False
Is 97771341 a multiple of 7542?
False
Is 429 a factor of 58594107?
True
Is 44 a factor of 10698288?
False
Does 3 divide 358717516?
False
Is 2230789 a multiple of 253?
False
Is 168528024 a multiple of 41?
False
Is 3523 a factor of 74419852?
True
Does 7 divide 9741776?
False
Does 145 divide 64751345?
True
Is 77 a factor of 93299359?
False
Does 283 divide 16348627?
True
Does 2 divide 5073661?
False
Is 151 a factor of 90840112?
False
Is 10225942 a multiple of 19?
False
Is 63028933 a multiple of 352?
False
Is 8 a factor of 2415725064?
True
Is 217 a factor of 37935685?
False
Does 315 divide 392818812?
False
Is 246 a factor of 72716960?
False
Is 80175760 a multiple of 784?
True
Is 5915 a factor of 825213480?
True
Is 116 a factor of 440793195?
False
Does 136 divide 64273726?
False
Is 20564528 a multiple of 1169?
False
Is 233 a factor of 124285126?
False
Is 12 a factor of 17291928?
True
Is 655697538 a multiple of 756?
False
Is 98 a factor of 6366570?
True
Is 396 a factor of 4917924?
True
Does 2649 divide 36191577?
False
Does 26 divide 594797112?
True
Is 531586428 a multiple of 641?
True
Is 236 a factor of 83774506?
False
Does 57 divide 1243942065?
True
Is 1640496 a multiple of 2?
True
Is 52282563 a multiple of 11?
False
Does 28 divide 63076328?
True
Is 4905662 a multiple of 758?
False
Is 463 a factor of 18070983?
False
Is 11 a factor of 15038317?
False
Is 862809372 a multiple of 2367?
True
Is 291293725 a multiple of 6205?
True
Is 82346336 a multiple of 2336?
True
Is 13924 a factor of 1783316014?
False
Is 29 a factor of 32084208?
True
Does 232 divide 17615741?
False
Is 2072 a factor of 24630532?
False
Is 316773832 a multiple of 1021?
False
Is 10 a factor of 26399010?
True
Is 955434 a multiple of 14?
False
Is 2089899 a multiple of 147?
True
Is 536 a factor of 182974629?
False
Is 30015880 a multiple of 680?
True
Is 10 a factor of 267852?
False
Is 2109 a factor of 1645639489?
False
Does 200 divide 83579600?
True
Does 221 divide 474708884?
True
Is 115643071 a multiple of 110?
False
Is 51 a factor of 162302553?
True
Is 41 a factor of 6265661?
True
Is 913243761 a multiple of 6?
False
Does 97 divide 109177671?
True
Is 1173275888 a multiple of 5672?
True
Is 523797140 a multiple of 4?
True
Is 4706576 a multiple of 112?
True
Is 1855 a factor of 23617917?
False
Does 845 divide 462220915?
True
Does 96 divide 28170144?
True
Is 178910749 a multiple of 1604?
False
Is 398 a factor of 50953154?
True
Does 710 divide 329120032?
False
Does 18 divide 8780265?
False
Does 25 divide 255954779?
False
Is 2800 a factor of 28642378?
False
Is 123379837 a multiple of 3101?
False
Does 162 divide 257428108?
False
Is 87624882 a multiple of 654?
True
Does 17 divide 1115994801?
True
Does 1752 divide 688619447?
False
Is 313283440 a multiple of 2670?
False
Is 38228285 a multiple of 53?
False
Is 69635588 a multiple of 3194?
True
Does 150 divide 92413650?
True
Is 29136640 a multiple of 20?
True
Does 119 divide 11373306?
True
Is 836853804 a multiple of 138?
True
Is 108603973 a multiple of 36?
False
Does 3617 divide 166306708?
False
Is 11 a factor of 32583994?
False
Is 60 a factor of 185942160?
True
Does 1439 divide 451441641?
True
Is 342199883 a multiple of 126?
False
Is 118373828 a multiple of 452?
True
Does 2548 divide 33107739?
False
Is 144579148 a multiple of 5?
False
Is 373149744 a multiple of 585?
False
Is 492 a factor of 13063092?
True
Is 59144377 a multiple of 197?
False
Is 57324532 a multiple of 1052?
True
Does 16 divide 185030912?
True
Does 1107 divide 11305791?
True
Is 39147310 a multiple of 15?
False
Does 2 divide 63336989?
False
Is 15439226 a multiple of 36?
False
Is 708052909 a multiple of 1710?
False
Does 2003 divide 1370224258?
True
Is 762 a factor of 2478521350?
False
Is 1615 a factor of 734587667?
False
Does 318 divide 197232000?
False
Does 822 divide 1077398108?
False
Does 204 divide 16650801?
False
Is 15528289 a multiple of 22?
False
Is 104457486 a multiple of 24?
False
Is 27 a factor of 14689909?
False
Does 55 divide 29534994?
False
Is 1245249032 a multiple of 185?
False
Is 469373362 a multiple of 5547?
False
Is 304 a factor of 10259002?
False
Is 205465743 a multiple of 7?
True
Does 2438 divide 1037698130?
True
Is 17 a factor of 9684024?
False
Does 21 divide 82845546?
True
Is 23 a factor of 57242934?
False
Is 29 a factor of 49342050?
True
Is 53073512 a multiple of 1077?
False
Is 259 a factor of 5922394?
False
Is 843 a factor of 43997013?
True
Is 31309770 a multiple of 421?
True
Is 7 a factor of 22147160?
True
Does 8 divide 36287856?
True
Does 2051 divide 4508098